{"id":104,"date":"2024-02-08T14:59:42","date_gmt":"2024-02-08T13:59:42","guid":{"rendered":"http:\/\/ufmass.eu\/?page_id=104"},"modified":"2024-08-02T11:04:20","modified_gmt":"2024-08-02T09:04:20","slug":"publications","status":"publish","type":"page","link":"https:\/\/ufmass.eu\/index.php\/publications\/","title":{"rendered":"Publications"},"content":{"rendered":"\n<p><strong><mark style=\"background-color:rgba(0, 0, 0, 0)\" class=\"has-inline-color has-black-color\">Abstracts Books du Congr\u00e8s UEMASS de Strasbourg 2023<\/mark><\/strong><\/p>\n\n\n\n<figure class=\"wp-block-image size-full is-resized\"><img loading=\"lazy\" decoding=\"async\" width=\"724\" height=\"1024\" src=\"http:\/\/ufmass.eu\/wp-content\/uploads\/2024\/02\/image-6.png\" alt=\"\" class=\"wp-image-250\" style=\"width:283px;height:auto\" srcset=\"https:\/\/ufmass.eu\/wp-content\/uploads\/2024\/02\/image-6.png 724w, https:\/\/ufmass.eu\/wp-content\/uploads\/2024\/02\/image-6-212x300.png 212w\" sizes=\"auto, (max-width: 724px) 100vw, 724px\" \/><\/figure>\n\n\n\n<p>Pour acc\u00e9der au Livre des R\u00e9sum\u00e9s du Congr\u00e8s UEMASS de Strasbourg 2023 (en anglais) :<\/p>\n\n\n\n<p><a href=\"http:\/\/ufmass.eu\/wp-content\/uploads\/2024\/02\/Abstrack-book_Eumass_Strasbourg_2023_VF.pdf\">http:\/\/ufmass.eu\/wp-content\/uploads\/2024\/02\/Abstrack-book_Eumass_Strasbourg_2023_VF.pdf<\/a><\/p>\n\n\n\n<p>_______________________________________________________________________________________________________________<\/p>\n\n\n\n<figure class=\"wp-block-image size-full is-resized\"><img loading=\"lazy\" decoding=\"async\" width=\"303\" height=\"207\" src=\"http:\/\/ufmass.eu\/wp-content\/uploads\/2024\/04\/image-6.png\" alt=\"\" class=\"wp-image-396\" style=\"width:215px;height:auto\" srcset=\"https:\/\/ufmass.eu\/wp-content\/uploads\/2024\/04\/image-6.png 303w, https:\/\/ufmass.eu\/wp-content\/uploads\/2024\/04\/image-6-300x205.png 300w\" sizes=\"auto, (max-width: 303px) 100vw, 303px\" \/><\/figure>\n\n\n\n<p><strong><mark style=\"background-color:rgba(0, 0, 0, 0)\" class=\"has-inline-color has-black-color\">La s\u00e9curit\u00e9 sociale des travailleurs ind\u00e9pendants en Europe :  progr\u00e8s et \u00e9volution<\/mark><\/strong>    AISS 9 f\u00e9vrier 2024<\/p>\n\n\n\n<p class=\"has-text-align-center\"><strong>&#8220;L\u2019absence de couverture de la s\u00e9curit\u00e9 sociale pour les travailleurs ind\u00e9pendants a r\u00e9cemment suscit\u00e9 un vif int\u00e9r\u00eat au sein de l\u2019Europe. Les mutations du monde du travail, et notamment la pr\u00e9valence accrue du travail via une plateforme, ont conduit \u00e0 une augmentation du nombre de travailleurs ind\u00e9pendants \u00e0 faible revenu. Ces tendances, associ\u00e9es \u00e0 la pand\u00e9mie de COVID-19, ont mis en lumi\u00e8re l\u2019insuffisance historique de la protection des travailleurs ind\u00e9pendants dans toute la r\u00e9gion.&#8221;<\/strong><\/p>\n\n\n\n<p class=\"has-text-align-center has-small-font-size\">Article de l&#8217;Asssociation Internationale de S\u00e9curit\u00e9 Sociale (AISS\/ISSA), lien = <a href=\"https:\/\/www.issa.int\/fr\/analysis\/social-security-self-employed-europe-progress-and-developments\">https:\/\/www.issa.int\/fr\/analysis\/social-security-self-employed-europe-progress-and-developments<\/a><\/p>\n\n\n\n<p class=\"has-text-align-center\"><em>&#8220;Le pr\u00e9sent article met en lumi\u00e8re les \u00e9volutions r\u00e9centes dans le domaine de la s\u00e9curit\u00e9 sociale des travailleurs ind\u00e9pendants en Europe. Il vient compl\u00e9ter une s\u00e9rie d\u2019articles parus pr\u00e9c\u00e9demment sur la s\u00e9curit\u00e9 sociale pour les travailleurs de plateformes en Europe et au-del\u00e0 (AISS, 2023a, 2023b et 2023c). Il aborde les trois th\u00e9matiques suivantes: les approches permettant l\u2019instauration et le maintien d\u2019un syst\u00e8me de s\u00e9curit\u00e9 sociale inclusif qui garantit aux travailleurs une couverture compl\u00e8te ind\u00e9pendamment de leur statut professionnel; les r\u00e9formes ou initiatives qui assurent l\u2019accessibilit\u00e9 financi\u00e8re, l\u2019ad\u00e9quation et la viabilit\u00e9 \u00e0 long terme du syst\u00e8me; et la simplification des proc\u00e9dures administratives pour faciliter la participation des travailleurs ind\u00e9pendants au r\u00e9gime contributif.&#8221;<\/em><\/p>\n\n\n\n<p>________________________________________________________________________________________________________________<\/p>\n\n\n\n<figure class=\"wp-block-image size-large\"><img loading=\"lazy\" decoding=\"async\" width=\"1024\" height=\"129\" src=\"http:\/\/ufmass.eu\/wp-content\/uploads\/2024\/04\/image-1024x129.png\" alt=\"\" class=\"wp-image-390\" srcset=\"https:\/\/ufmass.eu\/wp-content\/uploads\/2024\/04\/image-1024x129.png 1024w, https:\/\/ufmass.eu\/wp-content\/uploads\/2024\/04\/image-300x38.png 300w, https:\/\/ufmass.eu\/wp-content\/uploads\/2024\/04\/image-768x97.png 768w, https:\/\/ufmass.eu\/wp-content\/uploads\/2024\/04\/image-1536x193.png 1536w, https:\/\/ufmass.eu\/wp-content\/uploads\/2024\/04\/image-2048x257.png 2048w\" sizes=\"auto, (max-width: 1024px) 100vw, 1024px\" \/><\/figure>\n\n\n\n<p><strong>Au sein de l\u2019Universit\u00e9 Paris Cit\u00e9, l\u2019Institut Droit et Sant\u00e9 (IDS) cr\u00e9\u00e9 en 2006 a pour vocation de mener des r\u00e9flexions juridiques dans le domaine du droit de la sant\u00e9, de l\u2019assurance maladie et de la protection sociale.<\/strong><\/p>\n\n\n\n<p class=\"has-text-align-center has-medium-font-size\"><strong>Le Journal de Droit de la Sant\u00e9 et de l\u2019Assurance Maladie<\/strong><\/p>\n\n\n\n<p class=\"has-text-align-center has-small-font-size\"><a href=\"https:\/\/institutdroitsante.fr\/publications\/publications-ids\/revues\/journal-de-la-sante-et-de-lassurance-maladie-jdsam\/\">https:\/\/institutdroitsante.fr\/publications\/publications-ids\/revues\/journal-de-la-sante-et-de-lassurance-maladie-jdsam\/<\/a><\/p>\n\n\n\n<p class=\"has-text-align-center has-medium-font-size\"><strong>Veille juridique bi-mensuelle de l&#8217;IDS<\/strong><br>\u00c9volutions l\u00e9gislatives, jurisprudentielles et doctrinales<\/p>\n\n\n\n<h5 class=\"wp-block-heading has-text-align-center has-small-font-size\"><strong>&nbsp; <a href=\"https:\/\/institutdroitsante.fr\/veille-juridique\/veille-bimensuelle\/\">https:\/\/institutdroitsante.fr\/veille-juridique\/veille-bimensuelle\/<\/a><\/strong><\/h5>\n\n\n\n<ul class=\"wp-block-list\">\n<li class=\"has-small-font-size\"><strong>Organisation, sant\u00e9 publique et s\u00e9curit\u00e9 sanitaire<\/strong><\/li>\n\n\n\n<li class=\"has-small-font-size\"><strong>Bio\u00e9thique et droits des usagers du syst\u00e8me de sant\u00e9<\/strong><\/li>\n\n\n\n<li class=\"has-small-font-size\"><strong>Personnels de sant\u00e9<\/strong><\/li>\n\n\n\n<li class=\"has-small-font-size\"><strong>Politiques et structures m\u00e9dico-sociales<\/strong><\/li>\n\n\n\n<li class=\"has-small-font-size\"><strong>Produits issus du corps humain, produits de sant\u00e9 et produits alimentaires<\/strong><\/li>\n\n\n\n<li class=\"has-small-font-size\"><strong>Sant\u00e9 environnementale et sant\u00e9 au travail<\/strong><\/li>\n\n\n\n<li class=\"has-small-font-size\"><strong>Sant\u00e9 animale<\/strong><\/li>\n\n\n\n<li class=\"has-small-font-size\"><strong>Protection sociale : maladie<\/strong><\/li>\n\n\n\n<li class=\"has-small-font-size\"><strong>Protection sociale : famille, retraites<\/strong><\/li>\n\n\n\n<li class=\"has-small-font-size\"><strong>Sant\u00e9 et num\u00e9rique<\/strong><\/li>\n<\/ul>\n\n\n\n<h5 class=\"wp-block-heading has-small-font-size\">Le service d\u2019envoi de cette veille est gratuit. Si vous souhaitez en b\u00e9n\u00e9ficier, il vous suffit de remplir le formulaire ci-dessous ou d&#8217;adresser un mail \u00e0 ids@parisdescartes.fr .&nbsp;<\/h5>\n\n\n\n<p>Document int\u00e9ressant diffus\u00e9 lors de l&#8217;Entretien Droit et Sant\u00e9 du 5 mars 2024 dont le titre est \u00ab&nbsp;<strong>Enjeux et perspectives du statut d\u2019infirmier r\u00e9f\u00e9rent<\/strong>&nbsp;\u00bb&nbsp;: <a href=\"https:\/\/institutdroitsante.fr\/wp-content\/uploads\/2024\/03\/EDS-5mars2024-support-presentations-pour-diffusion.pdf\">https:\/\/institutdroitsante.fr\/wp-content\/uploads\/2024\/03\/EDS-5mars2024-support-presentations-pour-diffusion.pdf<\/a><\/p>\n\n\n\n<p>________________________________________________________________________________________________________________<\/p>\n\n\n\n<figure class=\"wp-block-image size-full is-resized\"><img loading=\"lazy\" decoding=\"async\" width=\"303\" height=\"207\" src=\"http:\/\/ufmass.eu\/wp-content\/uploads\/2024\/04\/image-6.png\" alt=\"\" class=\"wp-image-396\" style=\"width:215px;height:auto\" srcset=\"https:\/\/ufmass.eu\/wp-content\/uploads\/2024\/04\/image-6.png 303w, https:\/\/ufmass.eu\/wp-content\/uploads\/2024\/04\/image-6-300x205.png 300w\" sizes=\"auto, (max-width: 303px) 100vw, 303px\" \/><\/figure>\n\n\n\n<p class=\"has-text-align-left has-small-font-size\"><\/p>\n\n\n\n<p><strong>Rapport de l\u2019Association Internationale de S\u00e9curit\u00e9 Sociale &#8211; Extrait                                    D\u00e9veloppements et tendances en s\u00e9curit\u00e9 sociale \u2013 Europe 2024<\/strong><\/p>\n\n\n\n<p>\u00ab&nbsp;<strong>R\u00e9formes des soins de sant\u00e9 et de longue dur\u00e9e<\/strong><\/p>\n\n\n\n<p><strong>R\u00e9formes de la couverture et de l\u2019administration des prestations et services de sant\u00e9<\/strong><\/p>\n\n\n\n<p>Ces trois derni\u00e8res ann\u00e9es, les pays d\u2019Europe ont cherch\u00e9 \u00e0 am\u00e9liorer la couverture et la qualit\u00e9 des soins de sant\u00e9, ainsi qu\u2019\u00e0 les rendre plus abordables.<\/p>\n\n\n\n<p>L\u2019Irlande et la Roumanie ont \u00e9tendu la gratuit\u00e9 des soins \u00e0 des publics jusqu\u2019alors exclus de la couverture.<\/p>\n\n\n\n<p>En 2023, l\u2019Irlande a \u00e9largi l\u2019acc\u00e8s \u00e0 la \u00abGP visit card\u00bb, qui garantit un acc\u00e8s universel \u00e0 des soins de sant\u00e9 primaires gratuits sous condition de ressources. La r\u00e9forme a \u00e9tendu le b\u00e9n\u00e9fice des prestations universelles \u2013 jusqu\u2019alors limit\u00e9 aux enfants de moins de 6 ans et aux adultes de 70 ans et plus \u2013 \u00e0 l\u2019ensemble des enfants de moins de 8 ans (sans modifier le crit\u00e8re d\u2019\u00e2ge pour les personnes \u00e2g\u00e9es). Elle a aussi assoupli les conditions de ressources pour toutes les autres tranches d\u2019\u00e2ge, la couverture \u00e9tant d\u00e9sormais accessible d\u00e8s lors que le revenu hebdomadaire est inf\u00e9rieur au salaire national m\u00e9dian.<\/p>\n\n\n\n<p>En janvier 2024, la Roumanie a lanc\u00e9 un nouveau syst\u00e8me qui \u00e9tend la protection sociale et la couverture sant\u00e9 aux travailleurs domestiques. Dans le cadre de ce dispositif, ces travailleurs sont d\u00e9sormais r\u00e9mun\u00e9r\u00e9s par leur employeur au moyen de ch\u00e8ques-service \u00e9mis par l\u2019Agence nationale pour l\u2019emploi. Ils peuvent ensuite \u00e9changer ce ch\u00e8que contre de l\u2019argent, et acquittent des imp\u00f4ts et cotisations de retraite sur 50 pour cent de leur salaire. Ceux qui \u00e9changent un nombre minimum de ch\u00e8ques-service par mois b\u00e9n\u00e9ficient d\u2019une couverture sant\u00e9 qui leur permet d\u2019acc\u00e9der gratuitement \u00e0 des services de sant\u00e9 essentiels. Cette mesure a pour but de favoriser l\u2019affiliation au programme.<\/p>\n\n\n\n<p>La Croatie et la Finlande ont adopt\u00e9 des r\u00e9formes administratives afin d\u2019am\u00e9liorer l\u2019accessibilit\u00e9 financi\u00e8re et la qualit\u00e9 des soins gr\u00e2ce au regroupement des services de sant\u00e9 essentiels. En 2023, la Croatie a transf\u00e9r\u00e9 la propri\u00e9t\u00e9 des h\u00f4pitaux g\u00e9n\u00e9raux de l\u2019\u00e9chelon local aux autorit\u00e9s centrales et a introduit un m\u00e9canisme unifi\u00e9 de passation des march\u00e9s publics. Quant \u00e0 la Finlande, dans le cadre d\u2019une r\u00e9forme sans pr\u00e9c\u00e9dent de l\u2019organisation de ses services sociaux et de son syst\u00e8me de sant\u00e9, elle a confi\u00e9 en 2023 la gestion des services sociaux et de sant\u00e9, jusqu\u2019alors assur\u00e9e par 332 communes et communaut\u00e9s de communes, \u00e0 21 circonscriptions m\u00e9dico-sociales nouvellement cr\u00e9\u00e9es, auxquelles s\u2019ajoute la ville d\u2019Helsinki. Cette nouvelle architecture doit permettre d\u2019augmenter l\u2019\u00e9chelle de la mutualisation des risques et des fonds et d\u2019homog\u00e9n\u00e9iser l\u2019offre de services sur l\u2019ensemble du territoire.<\/p>\n\n\n\n<p><strong>Accro\u00eetre l\u2019acc\u00e8s aux services de sant\u00e9 mentale et de soins de longue dur\u00e9e<\/strong><\/p>\n\n\n\n<p>L\u2019Autriche, la Belgique, l\u2019Allemagne et la Slovaquie ont adopt\u00e9 des r\u00e9formes pour accro\u00eetre l\u2019acc\u00e8s aux services de sant\u00e9 mentale et de soins de longue dur\u00e9e et am\u00e9liorer leur ad\u00e9quation.<\/p>\n\n\n\n<p>En Autriche, le montant de l\u2019allocation de soins (Pflegegeld) vers\u00e9e aux personnes souffrant de troubles psychiques graves ou de d\u00e9mence a \u00e9t\u00e9 major\u00e9 en 2022 de mani\u00e8re \u00e0 financer 20 heures d\u2019assistance suppl\u00e9mentaires par mois. Un suppl\u00e9ment soumis \u00e0 condition de ressources (Angeh\u00f6rigenbonus) a \u00e9t\u00e9 instaur\u00e9 pour les aidants dont le revenu mensuel est inf\u00e9rieur \u00e0 1 500 EUR. Il est vers\u00e9 \u00e0 certaines personnes qui ont arr\u00eat\u00e9 de travailler pour s\u2019occuper d\u2019un membre de leur famille ayant besoin d\u2019une assistance constante (plus de 160 heures par mois).<\/p>\n\n\n\n<p>En Belgique, depuis 2022, le suivi psychologique pris en charge par l\u2019assurance maladie obligatoire peut \u00eatre dispens\u00e9 dans un \u00e9ventail plus large de lieux, si bien que les patients ont plus de latitude pour choisir l\u2019environnement dans lequel ils veulent \u00eatre suivis. Dans le cadre de cette r\u00e9forme, des r\u00e9seaux locaux de sant\u00e9 mentale proposent des services qui facilitent l\u2019acc\u00e8s \u00e0 un soutien psychologique.<\/p>\n\n\n\n<p>En Allemagne, \u00e0 la suite d\u2019une r\u00e9forme du syst\u00e8me de soins de longue dur\u00e9e adopt\u00e9e en 2023, l\u2019allocation d\u00e9pendance et les prestations pour soins ambulatoires ont \u00e9t\u00e9 major\u00e9es de 5 pour cent; en 2025 et 2028, elles seront automatiquement revaloris\u00e9es en fonction de l\u2019inflation. De plus, la dur\u00e9e maximale de versement de l\u2019allocation compensatoire pour perte de salaire (Pflegeunterst\u00fctzungsgeld) vers\u00e9e aux personnes qui doivent s\u2019absenter de leur travail pour s\u2019occuper d\u2019un proche a \u00e9t\u00e9 allong\u00e9e pour \u00eatre port\u00e9e \u00e0 10 jours par ann\u00e9e civile.<\/p>\n\n\n\n<p>En Slovaquie, une nouvelle prestation introduite en 2021 permet aux personnes qui s\u2019occupent d\u2019un proche malade d\u2019\u00eatre indemnis\u00e9es par le r\u00e9gime d\u2019assurance maladie existant. Les aidants peuvent d\u00e9sormais percevoir pendant 90 jours au maximum des indemnit\u00e9s repr\u00e9sentant 55 pour cent de la perte de salaire subie lorsqu\u2019ils prodiguent des soins \u00e0 domicile ou des soins palliatifs.&nbsp;\u00bb<\/p>\n\n\n\n<p><a href=\"https:\/\/www.issa.int\/html\/developments-trends-Europe2024\/fr\/index.html#reform-synthesis-7\">https:\/\/www.issa.int\/html\/developments-trends-Europe2024\/fr\/index.html#reform-synthesis-7<\/a><\/p>\n\n\n\n<p class=\"has-text-align-left has-small-font-size\"><br><\/p>\n\n\n\n<p class=\"has-text-align-left has-small-font-size\"><br><\/p>\n","protected":false},"excerpt":{"rendered":"<p>Abstracts Books du Congr\u00e8s UEMASS de Strasbourg 2023 Pour acc\u00e9der au Livre des R\u00e9sum\u00e9s du Congr\u00e8s UEMASS de Strasbourg 2023 (en anglais) : http:\/\/ufmass.eu\/wp-content\/uploads\/2024\/02\/Abstrack-book_Eumass_Strasbourg_2023_VF.pdf _______________________________________________________________________________________________________________ La s\u00e9curit\u00e9 sociale des travailleurs ind\u00e9pendants en Europe : progr\u00e8s et \u00e9volution AISS 9 f\u00e9vrier&#8230; <a href=\"https:\/\/ufmass.eu\/index.php\/publications\/\" class=\"readmore\">Read more<span class=\"screen-reader-text\">Publications<\/span><span class=\"fa fa-angle-double-right\" aria-hidden=\"true\"><\/span><\/a><\/p>\n","protected":false},"author":1,"featured_media":0,"parent":0,"menu_order":0,"comment_status":"closed","ping_status":"closed","template":"","meta":{"footnotes":""},"class_list":["post-104","page","type-page","status-publish","hentry"],"_links":{"self":[{"href":"https:\/\/ufmass.eu\/index.php\/wp-json\/wp\/v2\/pages\/104","targetHints":{"allow":["GET"]}}],"collection":[{"href":"https:\/\/ufmass.eu\/index.php\/wp-json\/wp\/v2\/pages"}],"about":[{"href":"https:\/\/ufmass.eu\/index.php\/wp-json\/wp\/v2\/types\/page"}],"author":[{"embeddable":true,"href":"https:\/\/ufmass.eu\/index.php\/wp-json\/wp\/v2\/users\/1"}],"replies":[{"embeddable":true,"href":"https:\/\/ufmass.eu\/index.php\/wp-json\/wp\/v2\/comments?post=104"}],"version-history":[{"count":30,"href":"https:\/\/ufmass.eu\/index.php\/wp-json\/wp\/v2\/pages\/104\/revisions"}],"predecessor-version":[{"id":541,"href":"https:\/\/ufmass.eu\/index.php\/wp-json\/wp\/v2\/pages\/104\/revisions\/541"}],"wp:attachment":[{"href":"https:\/\/ufmass.eu\/index.php\/wp-json\/wp\/v2\/media?parent=104"}],"curies":[{"name":"wp","href":"https:\/\/api.w.org\/{rel}","templated":true}]}}